{"id":65,"date":"2016-08-26T23:40:05","date_gmt":"2016-08-26T21:40:05","guid":{"rendered":"http:\/\/www.appearance-records.com\/deutsch\/?page_id=65"},"modified":"2023-04-16T12:41:22","modified_gmt":"2023-04-16T10:41:22","slug":"tv-theater-produktionsmusik","status":"publish","type":"page","link":"http:\/\/www.appearance-records.com\/deutsch\/tv-theater-produktionsmusik\/","title":{"rendered":"TV &#038; Theater Produktionsmusik"},"content":{"rendered":"<p>[vc_row css_animation=&#8221;&#8221; row_type=&#8221;row&#8221; use_row_as_full_screen_section=&#8221;no&#8221; type=&#8221;full_width&#8221; angled_section=&#8221;no&#8221; text_align=&#8221;left&#8221; background_image_as_pattern=&#8221;without_pattern&#8221;][vc_column width=&#8221;1\/2&#8243;][vc_column_text]Wir stellen unser Musikportal f\u00fcr TV- und Theaterproduktionen kostenlos zur Verf\u00fcgung.<br \/>\nHier finden Sie nicht nur alle Ver\u00f6ffentlichungen unserer K\u00fcnstler, sondern auch instrumentale Versionen der Songs und bisher unver\u00f6ffentlichtes Material![\/vc_column_text][vc_empty_space height=&#8221;30px&#8221;]<a  itemprop=\"url\" href=\"http:\/\/www.appearance-records.com\/deutsch\/musikportal\/\" target=\"_self\"  class=\"qbutton  small center default\" style=\"\">musikportal login<\/a>[vc_empty_space height=&#8221;50px&#8221;][vc_column_text]<\/p>\n<h3>Kostenlosen Zugangscode anfordern:<\/h3>\n<p>[\/vc_column_text][vc_column_text]Um Zugang zu unserem Musikportal zu erhalten, f\u00fcllen Sie bitte das Kontaktformular aus oder senden Sie eine <a href=\"mailto:mail@appearance-records.com\"><span style=\"text-decoration: underline;\">E-Mail<\/span><\/a> mit einer kurzen Beschreibung der geplanten Verwendung. Kurz darauf erhalten Sie ihr Passwort.[\/vc_column_text]\n<div class=\"wpcf7 no-js\" id=\"wpcf7-f116-o1\" lang=\"de-DE\" dir=\"ltr\">\n<div class=\"screen-reader-response\"><p role=\"status\" aria-live=\"polite\" aria-atomic=\"true\"><\/p> <ul><\/ul><\/div>\n<form action=\"\/deutsch\/wp-json\/wp\/v2\/pages\/65#wpcf7-f116-o1\" method=\"post\" class=\"wpcf7-form init cf7_custom_style_1\" aria-label=\"Kontaktformular\" novalidate=\"novalidate\" data-status=\"init\">\n<div style=\"display: none;\">\n<input type=\"hidden\" name=\"_wpcf7\" value=\"116\" \/>\n<input type=\"hidden\" name=\"_wpcf7_version\" value=\"5.7.5.1\" \/>\n<input type=\"hidden\" name=\"_wpcf7_locale\" value=\"de_DE\" \/>\n<input type=\"hidden\" name=\"_wpcf7_unit_tag\" value=\"wpcf7-f116-o1\" \/>\n<input type=\"hidden\" name=\"_wpcf7_container_post\" value=\"0\" \/>\n<input type=\"hidden\" name=\"_wpcf7_posted_data_hash\" value=\"\" \/>\n<\/div>\n<p><label> Ihr Name (Pflichtfeld)<br \/>\n<span class=\"wpcf7-form-control-wrap\" data-name=\"your-name\"><input size=\"40\" class=\"wpcf7-form-control wpcf7-text wpcf7-validates-as-required\" aria-required=\"true\" aria-invalid=\"false\" value=\"\" type=\"text\" name=\"your-name\" \/><\/span> <\/label>\n<\/p>\n<p><label> Ihre E-Mail-Adresse (Pflichtfeld)<br \/>\n<span class=\"wpcf7-form-control-wrap\" data-name=\"your-email\"><input size=\"40\" class=\"wpcf7-form-control wpcf7-text wpcf7-email wpcf7-validates-as-required wpcf7-validates-as-email\" aria-required=\"true\" aria-invalid=\"false\" value=\"\" type=\"email\" name=\"your-email\" \/><\/span> <\/label>\n<\/p>\n<p><label> Ihre Nachricht<br \/>\n<span class=\"wpcf7-form-control-wrap\" data-name=\"your-message\"><textarea cols=\"40\" rows=\"10\" class=\"wpcf7-form-control wpcf7-textarea\" aria-invalid=\"false\" name=\"your-message\"><\/textarea><\/span> <\/label>\n<\/p>\n<p><input class=\"wpcf7-form-control has-spinner wpcf7-submit\" type=\"submit\" value=\"Senden\" \/>\n<\/p><div class=\"wpcf7-response-output\" aria-hidden=\"true\"><\/div>\n<\/form>\n<\/div>\n[\/vc_column][vc_column width=&#8221;1\/2&#8243;][vc_single_image image=&#8221;206&#8243; img_size=&#8221;full&#8221; alignment=&#8221;right&#8221; qode_css_animation=&#8221;element_from_fade&#8221;][\/vc_column][\/vc_row]<\/p>\n","protected":false},"excerpt":{"rendered":"<p>[vc_row css_animation=&#8221;&#8221; row_type=&#8221;row&#8221; use_row_as_full_screen_section=&#8221;no&#8221; type=&#8221;full_width&#8221; angled_section=&#8221;no&#8221; text_align=&#8221;left&#8221; background_image_as_pattern=&#8221;without_pattern&#8221;][vc_column width=&#8221;1\/2&#8243;][vc_column_text]Wir stellen unser Musikportal f\u00fcr TV- und Theaterproduktionen kostenlos zur Verf\u00fcgung. Hier finden Sie nicht nur alle Ver\u00f6ffentlichungen unserer K\u00fcnstler, sondern auch instrumentale Versionen der Songs und bisher unver\u00f6ffentlichtes Material![\/vc_column_text][vc_empty_space height=&#8221;30px&#8221;][vc_empty_space height=&#8221;50px&#8221;][vc_column_text] Kostenlosen Zugangscode anfordern: [\/vc_column_text][vc_column_text]Um Zugang&#8230;<\/p>\n","protected":false},"author":1,"featured_media":0,"parent":0,"menu_order":0,"comment_status":"closed","ping_status":"closed","template":"","meta":[],"_links":{"self":[{"href":"http:\/\/www.appearance-records.com\/deutsch\/wp-json\/wp\/v2\/pages\/65"}],"collection":[{"href":"http:\/\/www.appearance-records.com\/deutsch\/wp-json\/wp\/v2\/pages"}],"about":[{"href":"http:\/\/www.appearance-records.com\/deutsch\/wp-json\/wp\/v2\/types\/page"}],"author":[{"embeddable":true,"href":"http:\/\/www.appearance-records.com\/deutsch\/wp-json\/wp\/v2\/users\/1"}],"replies":[{"embeddable":true,"href":"http:\/\/www.appearance-records.com\/deutsch\/wp-json\/wp\/v2\/comments?post=65"}],"version-history":[{"count":20,"href":"http:\/\/www.appearance-records.com\/deutsch\/wp-json\/wp\/v2\/pages\/65\/revisions"}],"predecessor-version":[{"id":106,"href":"http:\/\/www.appearance-records.com\/deutsch\/wp-json\/wp\/v2\/pages\/65\/revisions\/106"}],"wp:attachment":[{"href":"http:\/\/www.appearance-records.com\/deutsch\/wp-json\/wp\/v2\/media?parent=65"}],"curies":[{"name":"wp","href":"https:\/\/api.w.org\/{rel}","templated":true}]}}